{"id":12206,"date":"2021-09-09T16:37:37","date_gmt":"2021-09-09T15:37:37","guid":{"rendered":"https:\/\/wsa-ondisplay.co.uk\/2021\/?page_id=12206"},"modified":"2021-09-10T11:11:40","modified_gmt":"2021-09-10T10:11:40","slug":"home-page-welsh","status":"publish","type":"page","link":"https:\/\/wsa-ondisplay.co.uk\/2021\/cy\/home-page-welsh\/","title":{"rendered":"Home page &#8211; Welsh"},"content":{"rendered":"\n<div class=\"wp-block-cover alignfull has-background-dim-40 has-background-dim has-parallax hp-v2-banner\" style=\"background-image:url(https:\/\/wsa-ondisplay.co.uk\/2021\/wp-content\/uploads\/sites\/4\/2021\/08\/4-Exploded-Site-Scheme-scaled-1.jpg);background-color:#4bacb6;min-height:380px;aspect-ratio:unset;\"><div class=\"wp-block-cover__inner-container is-layout-flow wp-block-cover-is-layout-flow\">\n<div class=\"wp-block-columns\">\n<div class=\"wp-block-column is-vertically-aligned-bottom\" style=\"flex-basis:50%\">\n<a href=\"\/2021\/explore\"><button class=\"wsa-button-blue\">Ymuno \u00e2&#8217;r sioe<\/button><\/a>\n\n\n\n<p class=\"\"><\/p>\n<\/div>\n\n\n\n<div class=\"wp-block-column\" style=\"flex-basis:50%\">\n<div class=\"wp-block-image hp-v2-banner-logo\"><figure class=\"aligncenter size-large\"><img loading=\"lazy\" decoding=\"async\" width=\"904\" height=\"551\" data-attachment-id=\"8366\" data-permalink=\"https:\/\/wsa-ondisplay.co.uk\/2021\/home\/wsa-2021\/\" data-orig-file=\"https:\/\/wsa-ondisplay.co.uk\/2021\/wp-content\/uploads\/sites\/4\/2021\/08\/WSA-2021.png\" data-orig-size=\"904,551\" data-comments-opened=\"0\" data-image-meta=\"{&quot;aperture&quot;:&quot;0&quot;,&quot;credit&quot;:&quot;&quot;,&quot;camera&quot;:&quot;&quot;,&quot;caption&quot;:&quot;&quot;,&quot;created_timestamp&quot;:&quot;0&quot;,&quot;copyright&quot;:&quot;&quot;,&quot;focal_length&quot;:&quot;0&quot;,&quot;iso&quot;:&quot;0&quot;,&quot;shutter_speed&quot;:&quot;0&quot;,&quot;title&quot;:&quot;&quot;,&quot;orientation&quot;:&quot;0&quot;}\" data-image-title=\"WSA-2021\" data-image-description=\"\" data-image-caption=\"\" data-medium-file=\"https:\/\/wsa-ondisplay.co.uk\/2021\/wp-content\/uploads\/sites\/4\/2021\/08\/WSA-2021-300x183.png\" data-large-file=\"https:\/\/wsa-ondisplay.co.uk\/2021\/wp-content\/uploads\/sites\/4\/2021\/08\/WSA-2021.png\" src=\"https:\/\/wsa-ondisplay.co.uk\/2021\/wp-content\/uploads\/sites\/4\/2021\/08\/WSA-2021.png\" alt=\"\" class=\"wp-image-8366\" srcset=\"https:\/\/wsa-ondisplay.co.uk\/2021\/wp-content\/uploads\/sites\/4\/2021\/08\/WSA-2021.png 904w, https:\/\/wsa-ondisplay.co.uk\/2021\/wp-content\/uploads\/sites\/4\/2021\/08\/WSA-2021-300x183.png 300w, https:\/\/wsa-ondisplay.co.uk\/2021\/wp-content\/uploads\/sites\/4\/2021\/08\/WSA-2021-768x468.png 768w\" sizes=\"(max-width: 904px) 100vw, 904px\" \/><\/figure><\/div>\n<\/div>\n<\/div>\n\n\n\n<p class=\"\"><\/p>\n<\/div><\/div>\n\n\n\n<div style=\"height:70px\" aria-hidden=\"true\" class=\"wp-block-spacer\"><\/div>\n\n\n\n<div class=\"wp-block-columns\">\n<div class=\"wp-block-column animated fadeIn slower\">\n<h2 class=\"about-subtitle\">Croeso i<br>Ysgol Pensaern\u00efaeth Cymru sioe 2021<\/h2>\n<\/div>\n\n\n\n<div class=\"wp-block-column animated fadeIn delay-500ms slower\">\n<div class=\"word-from-head\">\n<p class=\"about-text\">Croeso i sioe radd rithwir Ysgol Pensaern\u00efaeth Cymru, a lansiwyd ddydd Gwener 10 Medi 2021 am 6pm. Ar ddiwedd blwyddyn eithriadol, mae\u2019r sioe yn cynrychioli penllanw ymdrechion eithriadol ar draws pob rhan o Ysgol Pensaern\u00efaeth Cymru yn y flwyddyn academaidd 2020\/21.   Mae wedi cael ei churadu gan d\u00eem ymroddedig o&#8217;n myfyrwyr, sydd wedi gweithio ar y cyd ar draws rhaglenni a blynyddoedd astudio dros fisoedd lawer. Wrth i chi deithio drwyddi, byddwch yn dod ar draws amrywiaeth o waith o raglenni sy&#8217;n amrywio o Bensaern\u00efaeth (BSc a MArch) i Ddylunio Trefol, Dulliau Cyfrifiadurol mewn Pensaern\u00efaeth, Cadwraeth Adeiladau Gynaliadwy ac Ymchwil \u00d4l-raddedig sy&#8217;n cynrychioli ehangder arbenigedd addysgu ac ymchwil yr ysgol. Byddwch hefyd yn gallu llywio&#8217;r sbectrwm o bynciau a materion pensaern\u00efaeth y mae myfyrwyr wedi bod yn ymgysylltu \u00e2 nhw trwy eu prosiectau ymchwil a dylunio. Nid yn unig y mae\u2019r gwaith hwn yn cael ei gyflwyno mewn ffordd newydd ar ffurf arddangosfa ddigidol o\u2019i gymharu \u00e2 llawer o&#8217;n harddangosfeydd yn y gorffennol, ond mae hefyd yn deillio o addysgeg newydd, dulliau ymchwil, ffurfiau cyfathrebu a stiwdios digidol a ddatblygwyd ar gyflymder yng nghyd-destun y pandemig COVID-19. Fel Pennaeth yr Ysgol, rwy&#8217;n hynod falch o&#8217;r penderfyniad, y creadigrwydd a&#8217;r cydnerthedd y mae&#8217;n ei ddangos.<\/p>\n\n\t\n<p>Yn ogystal \u00e2 mwynhau&#8217;r sioe, ymunwch \u00e2 ni ar gyfer digwyddiadau ein g\u0175yl arddangos, wythnos o hyd, y mae&#8217;r myfyrwyr yn ei chynnal rhwng 13 a 18 Medi.<\/p>\n \n<p class=\"about-text\"><strong>Dr Juliet Davis, Pennaeth Ysgol Pensaern\u00efaeth Cymru<\/strong>\n<\/p>\n<\/div>\n<\/div>\n<\/div>\n\n\n\n<div style=\"height:90px\" aria-hidden=\"true\" class=\"wp-block-spacer\"><\/div>\n\n\n\n<div class=\"wp-block-cover alignfull has-color-header-background-mod-background-color has-parallax wsa-cta animated fadeIn slower\" style=\"background-image:url(https:\/\/wsa-ondisplay.co.uk\/2021\/wp-content\/uploads\/sites\/4\/2021\/08\/Cecilia-Huang-1.jpg);min-height:516px;aspect-ratio:unset;\"><div class=\"wp-block-cover__inner-container is-layout-flow wp-block-cover-is-layout-flow\">\n<div style=\"height:52px\" aria-hidden=\"true\" class=\"wp-block-spacer\"><\/div>\n\n\n<p class=\"fonts-plugin-block wsa-cta-text\" style=\"font-family: brandon-grotesque;font-weight: 400;font-size: 32px;line-height: 1;text-align: center;color: #232324\"><strong>YMUNWCH \u00c2 NI YN YR <\/strong><\/p>\n\n\n<div style=\"height:52px\" aria-hidden=\"true\" class=\"wp-block-spacer\"><\/div>\n\n\n\n<div class=\"wp-block-image\"><figure class=\"aligncenter size-medium\"><img loading=\"lazy\" decoding=\"async\" width=\"300\" height=\"183\" data-attachment-id=\"8366\" data-permalink=\"https:\/\/wsa-ondisplay.co.uk\/2021\/home\/wsa-2021\/\" data-orig-file=\"https:\/\/wsa-ondisplay.co.uk\/2021\/wp-content\/uploads\/sites\/4\/2021\/08\/WSA-2021.png\" data-orig-size=\"904,551\" data-comments-opened=\"0\" data-image-meta=\"{&quot;aperture&quot;:&quot;0&quot;,&quot;credit&quot;:&quot;&quot;,&quot;camera&quot;:&quot;&quot;,&quot;caption&quot;:&quot;&quot;,&quot;created_timestamp&quot;:&quot;0&quot;,&quot;copyright&quot;:&quot;&quot;,&quot;focal_length&quot;:&quot;0&quot;,&quot;iso&quot;:&quot;0&quot;,&quot;shutter_speed&quot;:&quot;0&quot;,&quot;title&quot;:&quot;&quot;,&quot;orientation&quot;:&quot;0&quot;}\" data-image-title=\"WSA-2021\" data-image-description=\"\" data-image-caption=\"\" data-medium-file=\"https:\/\/wsa-ondisplay.co.uk\/2021\/wp-content\/uploads\/sites\/4\/2021\/08\/WSA-2021-300x183.png\" data-large-file=\"https:\/\/wsa-ondisplay.co.uk\/2021\/wp-content\/uploads\/sites\/4\/2021\/08\/WSA-2021.png\" src=\"https:\/\/wsa-ondisplay.co.uk\/2021\/wp-content\/uploads\/sites\/4\/2021\/08\/WSA-2021-300x183.png\" alt=\"\" class=\"wp-image-8366\" srcset=\"https:\/\/wsa-ondisplay.co.uk\/2021\/wp-content\/uploads\/sites\/4\/2021\/08\/WSA-2021-300x183.png 300w, https:\/\/wsa-ondisplay.co.uk\/2021\/wp-content\/uploads\/sites\/4\/2021\/08\/WSA-2021-768x468.png 768w, https:\/\/wsa-ondisplay.co.uk\/2021\/wp-content\/uploads\/sites\/4\/2021\/08\/WSA-2021.png 904w\" sizes=\"(max-width: 300px) 100vw, 300px\" \/><\/figure><\/div>\n\n\n<p class=\"fonts-plugin-block wsa-cta-text\" style=\"font-family: brandon-grotesque;font-weight: 400;font-size: 50px;line-height: 1;text-align: center;color: #ce4656\"><strong>\u0174YL<\/strong><\/p>\n\n\n<div style=\"height:50px\" aria-hidden=\"true\" class=\"wp-block-spacer\"><\/div>\n\n\n<p class=\"fonts-plugin-block wsa-cta-text\" style=\"font-family: brandon-grotesque;font-weight: 400;font-size: 29px;line-height: 1;text-align: center;color: #232324\"><strong>13 \u2013 17 MEDI<\/strong><\/p>\n\n\n<div style=\"height:56px\" aria-hidden=\"true\" class=\"wp-block-spacer\"><\/div>\n\n\n\n<a href=\"\/2021\/events\"><button class=\"wsa-button-black\">GWELD DIGWYDDIADAU<\/button><\/a>\n\n\n\n<div style=\"height:80px\" aria-hidden=\"true\" class=\"wp-block-spacer\"><\/div>\n\n\n\n<div class=\"wp-block-buttons is-layout-flex wp-block-buttons-is-layout-flex\"><\/div>\n<\/div><\/div>\n\n\n\n<div style=\"height:70px\" aria-hidden=\"true\" class=\"wp-block-spacer\"><\/div>\n\n\n\n<div class=\"wp-block-cover alignfull has-color-header-background-mod-background-color has-parallax wsa-cta animated fadeIn slower\" style=\"background-image:url(https:\/\/wsa-ondisplay.co.uk\/2021\/wp-content\/uploads\/sites\/4\/2021\/08\/Evie-Dixon.jpg);min-height:400px;aspect-ratio:unset;\"><div class=\"wp-block-cover__inner-container is-layout-flow wp-block-cover-is-layout-flow\"><p class=\"fonts-plugin-block wsa-cta-text\" style=\"font-family: brandon-grotesque;font-weight: 400;font-size: 32px;line-height: 1;text-align: center;color: #fefeff\"><strong>RYDYM YN DOD \u00c2&#8217;R LLYFR BLWYDDYN YN \u00d4L!<\/strong><\/p>\n\n\n<div style=\"height:56px\" aria-hidden=\"true\" class=\"wp-block-spacer\"><\/div>\n\n\n\n<a href=\"\/2021\/yearbooks\"><button class=\"wsa-button-white\">DEWCH I GAEL COPI<\/button><\/a>\n\n\n\n<div class=\"wp-block-buttons is-layout-flex wp-block-buttons-is-layout-flex\"><\/div>\n<\/div><\/div>\n\n\n\n<p class=\"\"><\/p>\n\n\n\n<div style=\"height:70px\" aria-hidden=\"true\" class=\"wp-block-spacer\"><\/div>\n\n\n\n<div style=\"height:70px\" aria-hidden=\"true\" class=\"wp-block-spacer\"><\/div>\n\n\n\n<p class=\"\"><\/p>\n","protected":false},"excerpt":{"rendered":"<div class=\"entry-summary\">\nCroeso iYsgol Pensaern\u00efaeth Cymru sioe 2021 Croeso i sioe radd rithwir Ysgol Pensaern\u00efaeth Cymru, a lansiwyd ddydd Gwener 10 Medi 2021 am 6pm. Ar ddiwedd blwyddyn eithriadol, mae\u2019r sioe yn cynrychioli penllanw ymdrechion eithriadol ar draws pob rhan o Ysgol&hellip;\n<\/div>\n<div class=\"link-more\"><a href=\"https:\/\/wsa-ondisplay.co.uk\/2021\/cy\/home-page-welsh\/\" class=\"more-link\">Continue reading<span class=\"screen-reader-text\"> &ldquo;Home page &#8211; Welsh&rdquo;<\/span>&hellip;<\/a><\/div>\n","protected":false},"author":3,"featured_media":0,"parent":0,"menu_order":0,"comment_status":"closed","ping_status":"closed","template":"","meta":{"_editorskit_title_hidden":false,"_editorskit_reading_time":1,"_editorskit_is_block_options_detached":false,"_editorskit_block_options_position":"{}","footnotes":""},"class_list":["post-12206","page","type-page","status-publish","hentry","entry"],"jetpack_sharing_enabled":true,"meta_box":[],"_links":{"self":[{"href":"https:\/\/wsa-ondisplay.co.uk\/2021\/wp-json\/wp\/v2\/pages\/12206"}],"collection":[{"href":"https:\/\/wsa-ondisplay.co.uk\/2021\/wp-json\/wp\/v2\/pages"}],"about":[{"href":"https:\/\/wsa-ondisplay.co.uk\/2021\/wp-json\/wp\/v2\/types\/page"}],"author":[{"embeddable":true,"href":"https:\/\/wsa-ondisplay.co.uk\/2021\/wp-json\/wp\/v2\/users\/3"}],"replies":[{"embeddable":true,"href":"https:\/\/wsa-ondisplay.co.uk\/2021\/wp-json\/wp\/v2\/comments?post=12206"}],"version-history":[{"count":6,"href":"https:\/\/wsa-ondisplay.co.uk\/2021\/wp-json\/wp\/v2\/pages\/12206\/revisions"}],"predecessor-version":[{"id":12388,"href":"https:\/\/wsa-ondisplay.co.uk\/2021\/wp-json\/wp\/v2\/pages\/12206\/revisions\/12388"}],"wp:attachment":[{"href":"https:\/\/wsa-ondisplay.co.uk\/2021\/wp-json\/wp\/v2\/media?parent=12206"}],"curies":[{"name":"wp","href":"https:\/\/api.w.org\/{rel}","templated":true}]}}